s digit of 611?
1
What is the hundreds digit of 3646?
6
What is the units digit of 5858?
8
What is the tens digit of 99435?
3
What is the tens digit of 554?
5
What is the tens digit of 5244?
4
What is the tens digit of 3775?
7
What is the units digit of 18762?
2
What is the tens digit of 2872?
7
What is the thousands digit of 3786?
3
What is the ten thousands digit of 15487?
1
What is the hundreds digit of 5344?
3
What is the tens digit of 85765?
6
What is the units digit of 1680?
0
What is the hundreds digit of 541?
5
What is the hundreds digit of 725?
7
What is the hundreds digit of 16177?
1
What is the hundreds digit of 3039?
0
What is the hundreds digit of 3565?
5
What is the units digit of 4015?
5
What is the tens digit of 38935?
3
What is the units digit of 13765?
5
What is the tens digit of 60944?
4
What is the thousands digit of 1933?
1
What is the units digit of 906?
6
What is the thousands digit of 15580?
5
What is the ten thousands digit of 24970?
2
What is the thousands digit of 9939?
9
What is the thousands digit of 4222?
4
What is the tens digit of 2139?
3
What is the ten thousands digit of 46048?
4
What is the units digit of 986?
6
What is the units digit of 28946?
6
What is the thousands digit of 80453?
0
What is the units digit of 1298?
8
What is the tens digit of 2283?
8
What is the tens digit of 3609?
0
What is the hundreds digit of 66468?
4
What is the thousands digit of 41729?
1
What is the units digit of 53958?
8
What is the thousands digit of 1651?
1
What is the units digit of 4304?
4
What is the hundreds digit of 8998?
9
What is the ten thousands digit of 63760?
6
What is the tens digit of 71220?
2
What is the hundreds digit of 1559?
5
What is the hundreds digit of 8222?
2
What is the thousands digit of 2049?
2
What is the units digit of 5997?
7
What is the hundreds digit of 3628?
6
What is the hundreds digit of 476?
4
What is the tens digit of 5451?
5
What is the thousands digit of 17194?
7
What is the units digit of 1006?
6
What is the units digit of 1784?
4
What is the hundred thousands digit of 112282?
1
What is the thousands digit of 13061?
3
What is the ten thousands digit of 25788?
2
What is the hundreds digit of 977?
9
What is the ten thousands digit of 38796?
3
What is the thousands digit of 6253?
6
What is the hundreds digit of 3703?
7
What is the tens digit of 10580?
8
What is the thousands digit of 86608?
6
What is the tens digit of 25751?
5
What is the hundreds digit of 146830?
8
What is the hundreds digit of 1714?
7
What is the tens digit of 301?
0
What is the hundreds digit of 1102?
1
What is the hundreds digit of 4828?
8
What is the ten thousands digit of 18786?
1
What is the hundreds digit of 4213?
2
What is the hundreds digit of 9163?
1
What is the tens digit of 1601?
0
What is the hundreds digit of 26108?
1
What is the thousands digit of 8114?
8
What is the units digit of 13883?
3
What is the hundreds digit of 907?
9
What is the tens digit of 347?
4
What is the tens digit of 183?
8
What is the hundreds digit of 1433?
4
What is the thousands digit of 21053?
1
What is the thousands digit of 51467?
1
What is the ten thousands digit of 13936?
1
What is the tens digit of 24751?
5
What is the units digit of 483?
3
What is the hundreds digit of 2664?
6
What is the tens digit of 18938?
3
What is the hundreds digit of 870?
8
What is the hundreds digit of 1981?
9
What is the thousands digit of 2654?
2
What is the units digit of 9708?
8
What is the tens digit of 394?
9
What is the hundreds digit of 644?
6
What is the hundreds digit of 112437?
4
What is the hundreds digit of 452?
4
What is the thousands digit of 1733?
1
What is the tens digit of 30322?
2
What is the tens digit of 16512?
1
What is the tens digit of 32504?
0
What is the hundreds digit of 4157?
1
What is the units digit of 3958?
8
What is the units digit of 31279?
9
What is the hundreds digit of 56167?
1
What is the ten thousands digit of 10793?
1
What is the tens digit of 345?
4
What is the ten thousands digit of 16740?
1
What is the hundreds digit of 5533?
5
What is the hundreds digit of 22171?
1
What is the tens digit of 13380?
8
What is the hundreds digit of 9603?
6
What is the hundreds digit of 2471?
4
What is the ten thousands digit of 41178?
4
What is the tens digit of 171?
7
What is the units digit of 22239?
9
What is the tens digit of 50424?
2
What is the thousands digit of 9070?
9
What is the hundreds digit of 26171?
1
What is the units digit of 2922?
2
What is the hundreds digit of 1387?
3
What is the units digit of 38190?
0
What is the units digit of 4462?
2
What is the ten thousands digit of 14947?
1
What is the units digit of 2346?
6
What is the tens digit of 50830?
3
What is the hundreds digit of 4157?
1
What is the units digit of 15353?
3
What is the tens digit of 3292?
9
What is the hundreds digit of 26404?
4
What is the units digit of 1534?
4
What is the hundreds digit of 1540?
5
What is the tens digit of 3129?
2
What is the units digit of 1403?
3
What is the tens digit of 2160?
6
What is the thousands digit of 33611?
3
What is the hundreds digit of 1122?
1
What is the hundreds digit of 129?
1
What is the tens digit of 54037?
3
What is the units digit of 667?
7
What is the units digit of 927?
7
What is the tens digit of 16348?
4
What is the tens digit of 372?
7
What is the tens digit of 2806?
0
What is the units digit of 13930?
0
What is the units digit of 1422?
2
What is the tens digit of 48033?
3
What is the thousands digit of 1135?
1
What is the hundreds digit of 43974?
9
What is the units digit of 441?
1
What is the units digit of 2999?
9
What is the units digit of 6848?
8
What is the hundreds digit of 4468?
4
What is the tens digit of 1291?
9
What is the units digit of 105?
5
What is the hundreds digit of 138241?
2
What is the ten thousands digit of 95305?
9
What is the thousands digit of 1683?
1
What is the tens digit of 2937?
3
What is the hundreds digit of 5507?
5
What is the hundreds digit of 38700?
7
What is the thousands digit of 40887?
0
What is the hundreds digit of 6666?
6
What is the thousands digit of 28850?
8
What is the tens digit of 26?
2
What is the hundreds digit of 250?
2
What is the units digit of 19482?
2
What is the units digit of 1319?
9
What is the tens digit of 1934?
3
What is the units digit of 66?
6
What is the hundreds digit of 457?
4
What is the units digit of 888?
8
What is the thousands digit of 1574?
1
What is the thousands digit of 2597?
2
What is the thousands digit of 6737?
6
What is the units digit of 304?
4
What is the units digit of 450?
0
What is the units digit of 95734?
4
What is the thousands digit of 113303?
3
What is the thousands digit of 12636?
2
What is the hundreds digit of 201696?
6
What is the tens digit of 23149?
4
What is the tens digit of 721?
2
What is the thousands digit of 10319?
0
What is the hundreds digit of 2585?
5
What is the thousands digit of 64116?
4
What is the ten thousands digit of 64411?
6
What is the units digit of 1406?
6
What is the thousands digit of 54104?
4
What is the tens digit of 116463?
6
What is the thousands digit of 1338?
1
What is the ten thousands digit of 94032?
9
What is the hundreds digit of 613?
6
What is the tens digit of 3612?
1
What is the thousands digit of 3248?
3
What is the tens digit of 32161?
6
What is the hundreds digit of 7765?
7
What is the units digit of 12045?
5
What is the thousands digit of 2035?
2
What is the tens digit of 6970?
7
What is the units digit of 5616?
6
What is the units digit of 55450?
0
What is the units digit of 6662?
2
What is the tens digit of 38740?
4
What is the hundreds digit of 848?
8
What is the hundreds digit of 858?
8
What is the hundreds digit of 1043?
0
What is the tens digit of 13745?
4
What is the units digit of 6593?
3
What is the thousands digit of 6570?
6
What is the tens digit of 81?
8
What is the hundreds digit of 3455?
4
What is the units digit of 2394?
4
What is the hundreds digit of 241?
2
What is the tens digit of 820?
2
What is the hundreds digit of 31799?
7
What is the hundreds digit of 875?
8
What is the units digit of 6108?
8
What is the thousands digit of 2544?
2
What is the tens digit of 753?
5
What is the units digit of 3669?
9
What is the units digit of 2309?
9
What is the unit